base 12) to base 11.
-17688a
What is -10253161 (base 7) in base 2?
-11010100011110001011
What is -21111222011102 (base 3) in base 9?
-7458142
Convert -24b3b7 (base 13) to base 3.
-1122210101212
What is 3607c (base 14) in base 4?
200023232
-900730 (base 10) to base 5
-212310410
What is -30212201103 (base 4) in base 2?
-1100100110100001010011
What is 1e69d (base 15) in base 9?
161274
Convert 637216 (base 10) to base 9.
1171077
Convert -1f928 (base 16) to base 3.
-20120101122
What is -1198975 (base 10) in base 6?
-41410451
3424555 (base 8) to base 2
11100010100101101101
Convert -b330c (base 13) to base 14.
-85129
212111012012 (base 3) to base 12
1a3672
What is -72125703 (base 8) in base 15?
-151304d
Convert c9a9 (base 13) to base 5.
1344044
-32130000 (base 4) to base 13
-20bbc
Convert -4130030314 (base 5) to base 7.
-131506560
2030035 (base 7) to base 13
8650c
Convert -194ac2 (base 13) to base 5.
-130421403
Convert -223338 (base 10) to base 15.
-46293
Convert 423441 (base 7) to base 16.
11e44
Convert 1609652 (base 10) to base 14.
2dc872
Convert 1209363 (base 10) to base 5.
302144423
Convert -2223110123 (base 4) to base 2.
-10101011010100011011
What is 311120200 (base 4) in base 16?
35620
Convert -11103322 (base 5) to base 14.
-27689
What is -75336356 (base 8) in base 13?
-344b400
-31773 (base 13) to base 11
-60a92
12340203 (base 5) to base 16
1d9d7
What is 1010443 (base 6) in base 10?
48123
Convert 14163140 (base 7) to base 9.
2441502
What is 1106b (base 13) in base 14?
b355
What is 1221100 (base 11) in base 4?
20012221231
What is 41808 (base 10) in base 9?
63313
What is -83080 (base 10) in base 4?
-110102020
-2330210 (base 4) to base 14
-4580
What is 5766067 (base 8) in base 11?
980a02
a1b4c (base 13) to base 14
77830
What is -42103b (base 14) in base 10?
-2230925
Convert 100013141 (base 6) to base 14.
31ab9b
Convert -211212420 (base 5) to base 12.
-366677
Convert 1110101100001001 (base 2) to base 11.
4122a
Convert -1350607 (base 9) to base 11.
-467432
What is -3032300102 (base 5) in base 12?
-207a002
Convert -1220222202210 (base 3) to base 2.
-11111001110101110100
-1000022012112220 (base 3) to base 14
-1cda0a6
What is 110100000101001010101100 (base 2) in base 8?
64051254
Convert -460942 (base 10) to base 15.
-91897
Convert -4224340 (base 6) to base 7.
-1514616
Convert 714b1 (base 15) to base 12.
153794
3220003332 (base 4) to base 11
59a165
Convert 324323110 (base 5) to base 13.
3a0ca8
Convert -333b2a (base 13) to base 16.
-126ef0
What is -6b160 (base 14) in base 10?
-260960
Convert 32212411 (base 7) to base 8.
12355060
3147356 (base 9) to base 13
46cc65
What is -230221113023 (base 4) in base 14?
-17a9307
Convert 211121201210102 (base 3) to base 5.
11034133214
What is 1b38d4 (base 16) in base 8?
6634324
Convert -4105635 (base 8) to base 4.
-10020232131
-290ae (base 15) to base 9
-220702
What is 10036568 (base 9) in base 7?
55602005
What is 211200010211 (base 3) in base 16?
6cf2b
10102012120102 (base 3) to base 12
736355
What is -434 (base 8) in base 16?
-11c
Convert 814349 (base 10) to base 6.
25242045
-444050 (base 6) to base 3
-1220000010
Convert 11151052 (base 6) to base 4.
1103101220
Convert -2262453 (base 7) to base 2.
-1000101011001001110
-1313313 (base 4) to base 6
-55303
-111000101101000000 (base 2) to base 5
-24413011
Convert 70164 (base 16) to base 3.
212022210000
Convert -1887569 (base 10) to base 16.
-1ccd51
-20033012130 (base 4) to base 15
-2c9a89
Convert 78143 (base 16) to base 9.
828612
What is 2e7cb1 (base 15) in base 9?
4214804
-92a76 (base 15) to base 14
-c1516
Convert 33200130133 (base 4) to base 12.
1440567
What is -3430456 (base 7) in base 12?
-187567
What is -9985 (base 12) in base 15?
-504e
What is 501c78 (base 14) in base 3?
12001212220201
What is 3110122011 (base 4) in base 3?
1122012110000
1501520 (base 6) to base 13
30171
What is -11241232 (base 7) in base 11?
-612a50
What is 3261106 (base 7) in base 9?
671511
Convert -42064517 (base 8) to base 16.
-88694f
Convert 24a271 (base 11) to base 2.
1100000010000111000
What is -2610ce (base 15) in base 4?
-12331310111
Convert 71e3a4 (base 15) to base 4.
110221312321
Convert -132045 (base 9) to base 16.
-13967
Convert 745417 (base 8) to base 12.
bba3b
Convert -36434206 (base 7) to base 12.
-110a23a
Convert -1492740 (base 12) to base 14.
-7a8800
122643634 (base 7) to base 6
434145111
What is 13552040 (base 6) in base 5?
104400340
Convert 2017466 (base 8) to base 2.
10000001111100110110
41331a (base 12) to base 3
1220220111211
Convert 11010117 (base 9) to base 3.
101000100010121
Convert 1110100011101011 (base 2) to base 9.
100712
-2256855 (base 9) to base 5
-303000412
What is -235c32 (base 14) in base 9?
-2238634
-124a97 (base 11) to base 6
-4115525
Convert -1373573 (base 9) to base 7.
-6302334
-35959 (base 13) to base 9
-158711
What is 3519109 (base 10) in base 4?
31123022011
What is 416975 (base 10) in base 8?
1456317
Convert -8d3e67 (base 15) to base 8.
-31570601
32641b (base 12) to base 10
798935
What is -517311 (base 11) in base 14?
-178484
What is -1011000110011101000 (base 2) in base 13?
-c974c
-11663 (base 7) to base 2
-110000001011
-1a62161 (base 11) to base 4
-31033311333
-344745 (base 9) to base 15
-41495
Convert 122021122200221 (base 3) to base 10.
9185182
What is 4b9171 (base 13) in base 7?
21315210
What is 632616 (base 8) in base 14?
5690a
28b474 (base 12) to base 6
22351024
494753 (base 10) to base 8
1706241
4013620 (base 7) to base 11
2a4413
Convert 10000221100020 (base 3) to base 7.
16465014
Convert -11045 (base 10) to base 16.
-2b25
Convert 414752 (base 11) to base 2.
10100010010111110001
What is -303625 (base 9) in base 14?
-4977d
Convert 111100221020010 (base 3) to base 4.
123012130032
What is -562a27 (base 11) in base 7?
-10424111
Convert 1f37 (base 16) to base 13.
3839
Convert 1210212212 (base 4) to base 2.
1100100100110100110
What is 3054234 (base 8) in base 4?
3011202130
Convert 831734 (base 9) to base 16.
7875a
Convert -16771 (base 11) to base 10.
-23552
-10000000010010010 (base 2) to base 3
-10100002200
What is 71792 (base 12) in base 2?
100100001000011110
-11110011022101 (base 3) to base 16
-2416ae
Convert 12120031 (base 5) to base 4.
123301212
-131c67 (base 15) to base 6
-31355154
23425021 (base 8) to base 7
61353425
Convert 11828 (base 16) to base 12.
35608
Convert -363450 (base 14) to base 8.
-7043176
442663 (base 7) to base 10
77857
Convert 10020212212 (base 3) to base 11.
44153
What is -68432 (base 11) in base 3?
-12000211011
1633020 (base 8) to base 11
2a307a
Convert -12056501 (base 7) to base 5.
-233320100
Convert 1401230 (base 8) to base 11.
249a23
3222d (base 14) to base 6
2332545
Convert 101702 (base 11) to base 6.
3255411
-50592 (base 14) to base 6
-4050220
What is -25241 (base 8) in base 9?
-15865
-2296649 (base 11) to base 8
-17217576
101010000000001100 (base 2) to base 8
520014
32706 (base 9) to base 12
10696
Convert -256c6 (base 14) to base 3.
-11200001210
245012 (base 6) to base 5
1144244
-2122220011211 (base 3) to base 5
-330240434
-460a2 (base 12) to base 14
-2609c
115431 (base 9) to base 5
4211412
What is 58863 (base 12) in base 6?
2313403
404226 (base 8) to base 13
48877
What is 14511 (base 14) in base 5?
3103022
277ba0 (base 13) to base 16
ea589
-101000000010001111100 (base 2) to base 7
-14102455
Convert -2331113130 (base 4) to base 3.
-1110101222120
What is -30211 (base 7) in base 5?
-213214
Convert 16d56b (base 16) to base 5.
340341202
Convert 356265 (base 9) to base 4.
310120103
What is 464a42 (base 12) in base 5?
242100041
Convert 1a5657c (base 13) to base 4.
201023031202
Convert -22222200212200 (base 3) to base 10.
-4777047
Convert 300121101 (base 6) to base 8.
23206175
What is 13103342 (base 8) in base 5?
1221334424
Convert b0a76 (base 12) to base 10.
229626
-6869594 (base 10) to base 13
-1566a64
What is -301323203 (base 5) in base 6?
-41404505
What is 11421001 (base 5) in base 12?
5234a
-59881 (base 14) to base 2
-110101010101011001
What is -16045 (base 10) in base 11?
-11067
What is -4321134 (base 6) in base 5?
-23302233
Convert -12021000012 (base 3) to base 4.
-121101203
What is 12221001202011 (base 3) in base 10?
3150553
Convert -224403324 (base 5) to base 14.
-1c5228
Convert 1231121211 (base 5) to base 8.
13315603
Wh